{"id":2,"date":"2019-12-06T12:46:51","date_gmt":"2019-12-06T12:46:51","guid":{"rendered":"http:\/\/dokken.prod02.lemon.no\/?page_id=2"},"modified":"2023-11-21T12:27:08","modified_gmt":"2023-11-21T12:27:08","slug":"sample-page","status":"publish","type":"page","link":"https:\/\/skippergata6.no\/","title":{"rendered":"Skippergata 6 &#8211; Horten"},"content":{"rendered":"\t<section class=\"section\" id=\"section_1752800379\">\n\t\t<div class=\"bg section-bg fill bg-fill  bg-loaded\" >\n\n\t\t\t\n\t\t\t\n\t\t\t\n\n\t\t<\/div>\n\n\t\t<div class=\"section-content relative\">\n\t\t\t\n<div class=\"row align-center\"  id=\"row-555800739\">\n\n\t<div id=\"col-1888241537\" class=\"col medium-11 small-12 large-11\"  >\n\t\t<div class=\"col-inner text-center\"  >\n\t\t\t\n\t\t\t\n\t<div class=\"img has-hover x md-x lg-x y md-y lg-y\" id=\"image_703988334\">\n\t\t\t\t\t\t\t\t<div class=\"img-inner dark\" >\n\t\t\t<img src=\"https:\/\/skippergata6.no\/wp-content\/uploads\/2019\/12\/Skippergata_Color.svg\" class=\"attachment-large size-large\" alt=\"\" loading=\"lazy\" height=\"69.7\" width=\"336.6\" \/>\t\t\t\t\t\t\n\t\t\t\t\t<\/div>\n\t\t\t\t\t\t\t\t\n<style>\n#image_703988334 {\n  width: 82%;\n}\n@media (min-width:550px) {\n  #image_703988334 {\n    width: 43%;\n  }\n}\n@media (min-width:850px) {\n  #image_703988334 {\n    width: 45%;\n  }\n}\n<\/style>\n\t<\/div>\n\t\n\t<div id=\"gap-1142631865\" class=\"gap-element clearfix\" style=\"display:block; height:auto;\">\n\t\t\n<style>\n#gap-1142631865 {\n  padding-top: 50px;\n}\n<\/style>\n\t<\/div>\n\t\n<h1 class=\"dark\">De planlagte boligene i Skippergata 6 er for deg som er lidenskapelig interessert og \u00f8nsker \u00e5 st\u00e5 f\u00f8rst i k\u00f8en for informasjon om prosjektet \u2013 registrer deg her.\u00a0<\/h1>\n\t<div id=\"gap-2092981008\" class=\"gap-element clearfix\" style=\"display:block; height:auto;\">\n\t\t\n<style>\n#gap-2092981008 {\n  padding-top: 40px;\n}\n<\/style>\n\t<\/div>\n\t\n<a data-animate=\"bounceInUp\" href=\"#meld-interesse\" target=\"_self\" class=\"button primary is-larger lowercase\"  style=\"border-radius:99px;\">\n    <span>Meld din interesse<\/span>\n  <\/a>\n\n\t<div id=\"gap-478204302\" class=\"gap-element clearfix\" style=\"display:block; height:auto;\">\n\t\t\n<style>\n#gap-478204302 {\n  padding-top: 40px;\n}\n<\/style>\n\t<\/div>\n\t\n\t\t<\/div>\n\t\t\t<\/div>\n\n\t\n<\/div>\n<div class=\"row\" style=\"max-width:1500px\" id=\"row-732555413\">\n\n\t<div id=\"col-2016668491\" class=\"col small-12 large-12\"  >\n\t\t<div class=\"col-inner\"  >\n\t\t\t\n\t\t\t\n<div class=\"video video-fit mb\" style=\"padding-top:56.25%;\"><p><iframe title=\"Skippergata\" src=\"https:\/\/player.vimeo.com\/video\/380455567?dnt=1&amp;app_id=122963\" width=\"1020\" height=\"574\" frameborder=\"0\" allow=\"autoplay; fullscreen\" allowfullscreen><\/iframe><\/p>\n<\/div>\n\t\t<\/div>\n\t\t\t<\/div>\n\n\t\n<\/div>\n\t\t<\/div>\n\n\t\t\n<style>\n#section_1752800379 {\n  padding-top: 5em;\n  padding-bottom: 5em;\n  background-color: rgb(240, 240, 240);\n}\n@media (min-width:550px) {\n  #section_1752800379 {\n    padding-top: 7em;\n    padding-bottom: 7em;\n  }\n}\n@media (min-width:850px) {\n  #section_1752800379 {\n    padding-top: 10em;\n    padding-bottom: 10em;\n  }\n}\n<\/style>\n\t<\/section>\n\t\n\t<section class=\"section map\" id=\"section_898493493\">\n\t\t<div class=\"bg section-bg fill bg-fill  bg-loaded\" >\n\n\t\t\t\n\t\t\t\n\t\t\t\n\n\t\t<\/div>\n\n\t\t<div class=\"section-content relative\">\n\t\t\t\n<div class=\"row\" style=\"max-width:1500px\" id=\"row-486382839\">\n\n\t<div id=\"col-2064751173\" class=\"col small-12 large-12\"  >\n\t\t<div class=\"col-inner\"  >\n\t\t\t\n\t\t\t\n<div id=\"mapbox\"><\/div>\n\t\t<\/div>\n\t\t\t<\/div>\n\n\t\n<\/div>\n<div class=\"row\"  id=\"row-1080541002\">\n\n\t<div id=\"col-1798614404\" class=\"col small-12 large-12\"  >\n\t\t<div class=\"col-inner text-center\"  >\n\t\t\t\n\t\t\t\n<p><a href=\"https:\/\/www.google.com\/maps\/place\/Skippergata+6,+3187+Horten\/@59.4160085,10.48628,17z\/data=!3m1!4b1!4m5!3m4!1s0x4646b4b26a69cf7d:0x817749aa0a3ae198!8m2!3d59.4160058!4d10.4884739\" target=\"_blank\" rel=\"noopener noreferrer\">Skippergata 6, Horten<\/a><\/p>\n\t\t<\/div>\n\t\t\t<\/div>\n\n\t\n<\/div>\n\t\t<\/div>\n\n\t\t\n<style>\n#section_898493493 {\n  padding-top: 100px;\n  padding-bottom: 100px;\n}\n<\/style>\n\t<\/section>\n\t\n<span class=\"scroll-to\" data-label=\"Scroll to: #meld-interesse\" data-bullet=\"false\" data-link=\"#meld-interesse\" data-title=\"Meld interesse\"><a name=\"meld-interesse\"><\/a><\/span>\n\t<section class=\"section section-padding dark\" id=\"section_896135488\">\n\t\t<div class=\"bg section-bg fill bg-fill  bg-loaded\" >\n\n\t\t\t\n\t\t\t\n\t\t\t\n\n\t\t<\/div>\n\n\t\t<div class=\"section-content relative\">\n\t\t\t\n<div class=\"row align-center\"  id=\"row-10813505\">\n\n\t<div id=\"col-157478961\" class=\"col medium-10 small-11 large-10\"  >\n\t\t<div class=\"col-inner text-center\"  >\n\t\t\t\n\t\t\t\n<h2 class=\"light\">Vi holder deg oppdatert<\/h2>\n<p>Registrer din interesse n\u00e5, s\u00e5 holder vi deg l\u00f8pende oppdatert om fremdriften i boligprosjektet.<\/p>\n\t<div id=\"gap-665388207\" class=\"gap-element clearfix\" style=\"display:block; height:auto;\">\n\t\t\n<style>\n#gap-665388207 {\n  padding-top: 60px;\n}\n<\/style>\n\t<\/div>\n\t\n<!-- slett <p> rundt <nybygg... dersom de dukker opp! -->\r\n<nybygg-widget assignmentnumber=\"941195018\"><\/nybygg-widget>\n\t\t<\/div>\n\t\t\t<\/div>\n\n\t\n\n<style>\n#row-10813505 > .col > .col-inner {\n  padding: 0 0px 0px 0px;\n}\n<\/style>\n<\/div>\n\t\t<\/div>\n\n\t\t\n<style>\n#section_896135488 {\n  padding-top: 75px;\n  padding-bottom: 75px;\n  min-height: 300px;\n  background-color: rgb(24, 23, 23);\n}\n<\/style>\n\t<\/section>\n\t\n\t<section class=\"section footer\" id=\"section_45643629\">\n\t\t<div class=\"bg section-bg fill bg-fill  bg-loaded\" >\n\n\t\t\t\n\t\t\t\n\t\t\t\n\n\t\t<\/div>\n\n\t\t<div class=\"section-content relative\">\n\t\t\t\n\n<div class=\"row align-center\"  id=\"row-1233552439\">\n\n\n\t<div id=\"col-1483063754\" class=\"col small-11 large-12\"  >\n\t\t<div class=\"col-inner text-center\"  >\n\t\t\t\n\t\t\t\n\n<h2 class=\"dark\">Kontakt megler<\/h2>\n<p class=\"dark\">Har du sp\u00f8rsm\u00e5l? Ta kontakt med v\u00e5r megler.<\/p>\n\n\t\t<\/div>\n\t\t\t<\/div>\n\n\t\n\n\t<div id=\"col-1867641417\" class=\"col small-12 large-12\"  >\n\t\t<div class=\"col-inner\"  >\n\t\t\t\n\t\t\t\n\n\t<div id=\"gap-227917173\" class=\"gap-element clearfix\" style=\"display:block; height:auto;\">\n\t\t\n<style>\n#gap-227917173 {\n  padding-top: 40px;\n}\n<\/style>\n\t<\/div>\n\t\n\n<div class=\"row align-bottom align-center\"  id=\"row-1452024436\">\n\n\n\t<div id=\"col-1393502312\" class=\"col medium-4 small-11 large-4\"  >\n\t\t<div class=\"col-inner\"  >\n\t\t\t\n\t\t\t\n\n\n  <div class=\"banner has-hover\" id=\"banner-597340487\">\n          <div class=\"banner-inner fill\">\n        <div class=\"banner-bg fill\" >\n            <div class=\"bg fill bg-fill \"><\/div>\n                                    \n                    <\/div>\n        <div class=\"banner-layers container\">\n            <div class=\"fill banner-link\"><\/div>            \n\n\n        <\/div>\n      <\/div>\n\n            \n<style>\n#banner-597340487 {\n  padding-top: 85%;\n  background-color: rgb(255, 255, 255);\n}\n#banner-597340487 .bg.bg-loaded {\n  background-image: url(https:\/\/skippergata6.no\/wp-content\/uploads\/2019\/12\/lill-iren-1024x1018.jpg);\n}\n#banner-597340487 .bg {\n  background-position: 0% 9%;\n}\n@media (min-width:550px) {\n  #banner-597340487 {\n    padding-top: 130%;\n  }\n}\n@media (min-width:850px) {\n  #banner-597340487 {\n    padding-top: 110%;\n  }\n}\n<\/style>\n  <\/div>\n\n\n\n\t\t<\/div>\n\t\t\t<\/div>\n\n\t\n\n\t<div id=\"col-361675705\" class=\"col medium-5 small-11 large-5\"  >\n\t\t<div class=\"col-inner\"  >\n\t\t\t\n\t\t\t\n\n<h3><strong>Lill-Iren Barth<\/strong><\/h3>\n\t<div id=\"gap-1754100080\" class=\"gap-element clearfix\" style=\"display:block; height:auto;\">\n\t\t\n<style>\n#gap-1754100080 {\n  padding-top: 40px;\n}\n<\/style>\n\t<\/div>\n\t\n\n<p><a href=\"tel:+47 913 26 532\">+47 913 26 532 <\/a><\/p>\n<p><a href=\"mailto:lill-iren.barth@dnbeiendom.no\">lill-iren.barth@dnbeiendom.no<\/a><\/p>\n\t<div id=\"gap-1147504985\" class=\"gap-element clearfix\" style=\"display:block; height:auto;\">\n\t\t\n<style>\n#gap-1147504985 {\n  padding-top: 30px;\n}\n<\/style>\n\t<\/div>\n\t\n\n\t<div class=\"img has-hover x md-x lg-x y md-y lg-y\" id=\"image_1910610564\">\n\t\t\t\t\t\t\t\t<div class=\"img-inner dark\" style=\"margin:20px 0px 0px 0px;\">\n\t\t\t<img src=\"https:\/\/skippergata6.no\/wp-content\/uploads\/2019\/12\/DNB_logo_gr\u00f8nn.svg\" class=\"attachment-original size-original\" alt=\"\" loading=\"lazy\" height=\"469.3\" width=\"917.1\" \/>\t\t\t\t\t\t\n\t\t\t\t\t<\/div>\n\t\t\t\t\t\t\t\t\n<style>\n#image_1910610564 {\n  width: 31%;\n}\n@media (min-width:550px) {\n  #image_1910610564 {\n    width: 21%;\n  }\n}\n<\/style>\n\t<\/div>\n\t\n\n\n\t\t<\/div>\n\t\t\t<\/div>\n\n\t\n\n<\/div>\n\n\t\t<\/div>\n\t\t\t<\/div>\n\n\t\n\n<\/div>\n\n\t\t<\/div>\n\n\t\t\n<style>\n#section_45643629 {\n  padding-top: 50px;\n  padding-bottom: 50px;\n  background-color: rgb(255,255,255);\n}\n@media (min-width:550px) {\n  #section_45643629 {\n    padding-top: 100px;\n    padding-bottom: 100px;\n  }\n}\n<\/style>\n\t<\/section>\n\t\n\t<section class=\"section copyright\" id=\"section_2073072310\">\n\t\t<div class=\"bg section-bg fill bg-fill  bg-loaded\" >\n\n\t\t\t\n\t\t\t\n\t\t\t\n\n\t\t<\/div>\n\n\t\t<div class=\"section-content relative\">\n\t\t\t\n\n<div class=\"row align-middle\"  id=\"row-1133819429\">\n\n\n\t<div id=\"col-1086204515\" class=\"col small-12 large-12\"  >\n\t\t<div class=\"col-inner text-center dark\"  >\n\t\t\t\n\t\t\t\n\n<p class=\"dark\"><a target=\"_blank\" href=\"https:\/\/lemon.no\/\" rel=\"noopener noreferrer\">Design og utvikling av <img class=\"alignnonewp-image-48\" src=\"\/wp-content\/uploads\/2019\/12\/Lemon_Logo.svg\" alt=\"\" width=\"44\" height=\"24\" \/><\/p>\n\n\t\t<\/div>\n\t\t\t<\/div>\n\n\t\n\n<\/div>\n\n\t\t<\/div>\n\n\t\t\n<style>\n#section_2073072310 {\n  padding-top: 20px;\n  padding-bottom: 20px;\n  background-color: rgb(240, 240, 240);\n}\n<\/style>\n\t<\/section>\n\t\n","protected":false},"excerpt":{"rendered":"","protected":false},"author":2,"featured_media":191,"parent":0,"menu_order":0,"comment_status":"closed","ping_status":"open","template":"page-blank-landingpage.php","meta":[],"yoast_head":"<!-- This site is optimized with the Yoast SEO plugin v14.9 - https:\/\/yoast.com\/wordpress\/plugins\/seo\/ -->\n<title>Skippergata 6 - Horten<\/title>\n<meta name=\"description\" content=\"De planlagte boligene i Skippergata 6 er for deg som er lidenskapelig interessert og \u00f8nsker \u00e5 st\u00e5 f\u00f8rst i k\u00f8en for informasjon om prosjektet.\" \/>\n<meta name=\"robots\" content=\"index, follow, max-snippet:-1, max-image-preview:large, max-video-preview:-1\" \/>\n<link rel=\"canonical\" href=\"https:\/\/skippergata6.no\/\" \/>\n<meta property=\"og:locale\" content=\"nb_NO\" \/>\n<meta property=\"og:type\" content=\"article\" \/>\n<meta property=\"og:title\" content=\"Skippergata 6 - Horten\" \/>\n<meta property=\"og:description\" content=\"De planlagte boligene i Skippergata 6 er for deg som er lidenskapelig interessert og \u00f8nsker \u00e5 st\u00e5 f\u00f8rst i k\u00f8en for informasjon om prosjektet.\" \/>\n<meta property=\"og:url\" content=\"https:\/\/skippergata6.no\/\" \/>\n<meta property=\"og:site_name\" content=\"Skippergata 6\" \/>\n<meta property=\"article:modified_time\" content=\"2023-11-21T12:27:08+00:00\" \/>\n<meta property=\"og:image\" content=\"https:\/\/skippergata6.no\/wp-content\/uploads\/2019\/12\/skippergata.jpg\" \/>\n\t<meta property=\"og:image:width\" content=\"800\" \/>\n\t<meta property=\"og:image:height\" content=\"511\" \/>\n<meta name=\"twitter:card\" content=\"summary_large_image\" \/>\n<script type=\"application\/ld+json\" class=\"yoast-schema-graph\">{\"@context\":\"https:\/\/schema.org\",\"@graph\":[{\"@type\":\"Organization\",\"@id\":\"https:\/\/skippergata6.no\/#organization\",\"name\":\"Skippergata\",\"url\":\"https:\/\/skippergata6.no\/\",\"sameAs\":[],\"logo\":{\"@type\":\"ImageObject\",\"@id\":\"https:\/\/skippergata6.no\/#logo\",\"inLanguage\":\"nb-NO\",\"url\":\"https:\/\/skippergata6.no\/wp-content\/uploads\/2019\/12\/Skippergata_Color.svg\",\"width\":336,\"height\":69,\"caption\":\"Skippergata\"},\"image\":{\"@id\":\"https:\/\/skippergata6.no\/#logo\"}},{\"@type\":\"WebSite\",\"@id\":\"https:\/\/skippergata6.no\/#website\",\"url\":\"https:\/\/skippergata6.no\/\",\"name\":\"Skippergata 6\",\"description\":\"Skippergata i Horten\",\"publisher\":{\"@id\":\"https:\/\/skippergata6.no\/#organization\"},\"potentialAction\":[{\"@type\":\"SearchAction\",\"target\":\"https:\/\/skippergata6.no\/?s={search_term_string}\",\"query-input\":\"required name=search_term_string\"}],\"inLanguage\":\"nb-NO\"},{\"@type\":\"ImageObject\",\"@id\":\"https:\/\/skippergata6.no\/#primaryimage\",\"inLanguage\":\"nb-NO\",\"url\":\"https:\/\/skippergata6.no\/wp-content\/uploads\/2019\/12\/skippergata.jpg\",\"width\":800,\"height\":511},{\"@type\":\"WebPage\",\"@id\":\"https:\/\/skippergata6.no\/#webpage\",\"url\":\"https:\/\/skippergata6.no\/\",\"name\":\"Skippergata 6 - Horten\",\"isPartOf\":{\"@id\":\"https:\/\/skippergata6.no\/#website\"},\"primaryImageOfPage\":{\"@id\":\"https:\/\/skippergata6.no\/#primaryimage\"},\"datePublished\":\"2019-12-06T12:46:51+00:00\",\"dateModified\":\"2023-11-21T12:27:08+00:00\",\"description\":\"De planlagte boligene i Skippergata 6 er for deg som er lidenskapelig interessert og \\u00f8nsker \\u00e5 st\\u00e5 f\\u00f8rst i k\\u00f8en for informasjon om prosjektet.\",\"inLanguage\":\"nb-NO\",\"potentialAction\":[{\"@type\":\"ReadAction\",\"target\":[\"https:\/\/skippergata6.no\/\"]}]}]}<\/script>\n<!-- \/ Yoast SEO plugin. -->","_links":{"self":[{"href":"https:\/\/skippergata6.no\/index.php\/wp-json\/wp\/v2\/pages\/2"}],"collection":[{"href":"https:\/\/skippergata6.no\/index.php\/wp-json\/wp\/v2\/pages"}],"about":[{"href":"https:\/\/skippergata6.no\/index.php\/wp-json\/wp\/v2\/types\/page"}],"author":[{"embeddable":true,"href":"https:\/\/skippergata6.no\/index.php\/wp-json\/wp\/v2\/users\/2"}],"replies":[{"embeddable":true,"href":"https:\/\/skippergata6.no\/index.php\/wp-json\/wp\/v2\/comments?post=2"}],"version-history":[{"count":109,"href":"https:\/\/skippergata6.no\/index.php\/wp-json\/wp\/v2\/pages\/2\/revisions"}],"predecessor-version":[{"id":222,"href":"https:\/\/skippergata6.no\/index.php\/wp-json\/wp\/v2\/pages\/2\/revisions\/222"}],"wp:featuredmedia":[{"embeddable":true,"href":"https:\/\/skippergata6.no\/index.php\/wp-json\/wp\/v2\/media\/191"}],"wp:attachment":[{"href":"https:\/\/skippergata6.no\/index.php\/wp-json\/wp\/v2\/media?parent=2"}],"curies":[{"name":"wp","href":"https:\/\/api.w.org\/{rel}","templated":true}]}}